osite number?
False
Suppose -8*k = -3*k. Suppose l - j + 4 = k, -4*l + 3*j + 0 - 12 = 0. Suppose 4*z + 5*f - 144 = 0, l = 2*z + f - 50 - 16. Is z a composite number?
False
Let u = -19 + 21. Suppose q + 2*s = -4*q + 195, 99 = u*q + 5*s. Is q prime?
True
Let t(m) = 15*m**2 - 2*m - 8. Let x be t(5). Suppose x + 2069 = 2*i. Is i a composite number?
False
Let y = -13538 - -25389. Is y composite?
True
Let o(k) = -2*k + 2. Let c be o(0). Is (-3 - 3 - -4) + 258/c prime?
True
Let j(b) = -b**3 - 13*b**2 + 2*b + 18. Let t be j(-13). Let r = t + 11. Suppose 2*z + w - 115 = 0, 5*z - r*w = w + 294. Is z prime?
False
Suppose -733 + 252 = 4*u + 5*l, -139 = u + 5*l. Let x = 193 + u. Is x a prime number?
True
Let g = -32 - -115. Suppose -3*l = -g - 319. Suppose 4*f - 2 = -18, 5*f = 3*n - l. Is n composite?
True
Suppose 0 = 5*x, 0*z + 4*z + x - 12 = 0. Suppose -3*h + 1 + 23 = -5*b, -2*h + z*b = -15. Suppose -h*u = -0*u - 267. Is u prime?
True
Let t = 15 - 31. Is 134/10*(21 + t) prime?
True
Suppose -5541 = -5*f + 10544. Suppose -3*g + 12907 = 4*x, x - g - f = -5*g. Is x composite?
False
Let i(o) = -o**3 + 2*o**2 - 3*o + 21001. Is i(0) composite?
False
Let w be (1 - 0)*33/(-11). Let g(x) = -92*x**3 - 3*x**2 - 4*x - 6. Is g(w) prime?
False
Let x = 74918 - 34659. Is x a composite number?
True
Let p = -4430 - -21697. Is p a prime number?
False
Suppose q + 2*c - 808 = 113, 0 = -3*q - 4*c + 2753. Is q a composite number?
False
Let u be (-2)/3*225/(-50). Suppose -2*v + 514 = -4*r, r + 776 = u*v - 0*r. Is v composite?
True
Suppose 6*l - 5*l - 3 = 0. Suppose -2*z = 2*w - 0*w + 62, -2*z + l*w - 37 = 0. Let j = z - -123. Is j composite?
False
Let r(w) = w**3 - 5*w**2 - 5*w - 6. Let u be r(6). Suppose u = -2*j - j + 6. Suppose 3*m + j*m = 3*x - 434, 0 = -3*m - 3. Is x composite?
True
Let q = 9 + -6. Let k be 260/(-15)*q/(-2). Suppose -3*r = -247 - k. Is r prime?
False
Suppose 4*y = 6*y - 4. Suppose -2*c = 4*j - 498, 3*c + y*j - 194 = 561. Is c prime?
False
Let n(d) = -d**3 + 3*d**2 + 5*d + 21. Is n(-10) composite?
True
Let s = -41 + 41. Suppose -7*i + 3787 + 2296 = s. Is i a prime number?
False
Let f(t) = -t**3 + 4*t**2. Let s be f(4). Let r be 2373/15 + (-2)/10. Suppose -q + r = -s*q. Is q prime?
False
Suppose 0 = 3*m - 3 - 12. Suppose -3*d = -6, 3*i + m*d + 403 = 4*i. Is i a composite number?
True
Let m be -11*(3 + 3 - 3). Is 1*3*(-2915)/m a composite number?
True
Suppose 0 = f - 3*o - 5926, -5*f + 6*o - 3*o = -29618. Is f a prime number?
True
Suppose -50*k + 69*k = 46987. Is k prime?
True
Let l(z) = -5*z. Let x(s) = -s - 1. Let b(o) = l(o) - 4*x(o). Let r be b(2). Let g(a) = 16*a**3 - 4*a**2 + 4*a - 2. Is g(r) a composite number?
True
Suppose q - 5*q + 4*r = -1664, -r = 2*q - 829. Is q a prime number?
False
Suppose 2*h + f - 2458 = -h, 3*h + 5*f = 2438. Is h prime?
True
Let k = 45 - 49. Let s(u) = -216*u - 33. Is s(k) a composite number?
True
Let l(v) = 39*v**2 - 36*v - 85. Is l(18) a prime number?
True
Is (-115)/138 + 52775/6 a prime number?
False
Let a = 3209 - 1925. Suppose -3*t + 2558 = 2*p, 2*t - t + a = p. Is p a composite number?
True
Suppose 0 = -5*u, -3*a = 6*u - u - 6. Suppose -s + 770 = g, -s = s - a*g - 1536. Is s a prime number?
True
Let x be (-4)/(-6) - 14/(-6). Suppose 0 = -4*i - 5*u + 746 + 745, 5*i - 1910 = x*u. Is i prime?
True
Let g = 12547 + -8946. Is g composite?
True
Let s = -863 - -1273. Suppose -2*b = 2*x - s, -4*x + 3*b = x - 1009. Is (x/(-4))/(9/(-36)) composite?
True
Is 34491 + (-4 - (-24)/5)*5 a prime number?
False
Suppose 0 = -5*y + 14*y - 153297. Is y a composite number?
False
Let y(b) be the second derivative of 811*b**6/360 + b**5/60 + 7*b**3/6 + 6*b. Let d(r) be the second derivative of y(r). Is d(-1) prime?
True
Let v(a) = 11 - 5*a**2 + 3*a - 6 + 7*a**2. Let h be v(4). Is 3 - (-5 + 2 - h) prime?
False
Is -2*(-29)/(4 - 6486/1623) prime?
False
Let c = 42 - 46. Is c/(-8)*-1262*-1 a composite number?
False
Let b = -6 + 11. Suppose y + 17 = -b*n + n, n + 20 = 5*y. Suppose 0 = 2*k + y*k - 265. Is k composite?
False
Let l = 46885 + -27764. Is l a composite number?
False
Is -8 + 910 + 3 + -4 a prime number?
False
Let q be 2/(-4) + 2277/(-6). Let g = q + 1789. Is g prime?
True
Is 12/2 + -4 + 184530/10 a composite number?
True
Let b(l) be the third derivative of -l**6/120 - l**5/5 - l**4/12 - 13*l**3/6 + 7*l**2. Is b(-14) composite?
True
Suppose 0 = -f + 3. Suppose 2*q = f*q. Suppose 6*p - 1356 - 402 = q. Is p composite?
False
Let t(z) be the third derivative of 2*z**5/5 - z**4/12 - z**3/6 + 7*z**2. Is t(-3) prime?
False
Suppose 0*c + 4*c - 1736 = 0. Let o = -225 + c. Is o composite?
True
Suppose 0 = -p - 4*j + 191, 0 = -5*p + j + j + 889. Suppose -5*h + p + 396 = 0. Is h composite?
True
Let f(r) be the third derivative of 5*r**4/2 + 5*r**3/6 + 3*r**2. Is f(5) a prime number?
False
Let w(g) = 28*g**2 + 8*g + 27. Is w(-16) a prime number?
False
Let w(i) be the third derivative of -7*i**6/120 - i**5/60 + i**4/8 + i**3/2 + 7*i**2. Is w(-5) composite?
True
Let c(f) = -75*f**2 - 40*f**2 + 2*f + 1 + 0*f + 33*f**2. Let q be c(-2). Is q*(3 - (7 + -3)) a prime number?
True
Let w = 3116 - 1575. Is w composite?
True
Let q = 645 - -80. Suppose c + 2*c = 4*m - q, 3*c - 349 = -2*m. Is m prime?
True
Let v(o) be the third derivative of 29/24*o**4 - 2/3*o**3 + 0*o + 0 - o**2. Is v(7) composite?
False
Is (24/27)/4 - (-99014)/18 a composite number?
False
Suppose -3*a + 712 = -4*l, 3*a - 704 = -2*l - 2*l. Suppose a = -3*w - 193. Let n = w + 286. Is n a prime number?
False
Suppose 9 = -3*p, 3*v - 4*p - 3 = 9. Is 198/12*(v - -2) composite?
True
Let r = 80 + -94. Let o = 80 - r. Is o a composite number?
True
Is (54/9 - 7) + 1191 + 1 prime?
False
Suppose 79 = t - 3*o, -2*t = -5*o + 2*o - 146. Let y = 39 - t. Let a = 417 - y. Is a a prime number?
False
Let j(r) be the second derivative of -r**8/6720 - r**7/630 - r**6/144 - r**5/24 + r**4/4 + 3*r. Let v(c) be the third derivative of j(c). Is v(-7) composite?
True
Let q(j) be the second derivative of 1/6*j**3 + 1/12*j**4 + 0 - 7/2*j**2 - 2*j. Is q(-6) prime?
True
Suppose -q = -0*q + 5, -3*o - 2*q = -2. Suppose 4 = -4*l - 4, -o*l - 276 = -2*k. Suppose d = -d + k. Is d composite?
False
Let x(p) = -p**3 + 6*p**2 + 9*p - 10. Let s be x(5). Suppose s = -y + 6*y. Is 487*4*3/y prime?
True
Suppose 4*s - 1152 = 788. Is s composite?
True
Suppose m = 7*m - 384. Suppose m = 3*t - 830. Is t a composite number?
True
Let m = -7 - -1. Let k be ((-12)/(-8))/((-3)/m). Suppose -463 = -2*c + k*i - 104, 2*i = -4*c + 726. Is c a composite number?
False
Let r = -4 + 8. Suppose -20 = r*u - 0*u. Let w = u - -56. Is w prime?
False
Let a = 312 + -212. Suppose -k + 219 = -a. Is k a composite number?
True
Let h be -189*((-1204)/(-12))/7. Let v = 3982 + h. Is v prime?
False
Suppose 5*b - 13152 = -2*g, -3*g = -0*g - b - 19745. Is g prime?
True
Suppose 16604 = 5*b - 13151. Is b prime?
False
Let m be (-26)/(-65)*(-10)/(-2). Is (m - 1)/((-1)/(-37)) prime?
True
Let p(o) = -o**3 + 4*o**2 + 2*o + 5. Let m be p(5). Let y(v) = 4*v**2 + 5*v - 19. Is y(m) composite?
False
Let n(v) = 4*v**2 - 9*v - 12. Let p be n(5). Let x be (4/(-5))/((-5)/50). Suppose -p = -a + x. Is a a composite number?
True
Let t(u) = -u**2 + 13*u + 39335. Is t(0) prime?
False
Is -2*(-4 + 7710/4*-1) composite?
False
Suppose -69901 = j - 14*j. Is j a prime number?
False
Let t = 6 + -3. Suppose t*l - 2*l - 111 = 0. Is l prime?
False
Suppose 4 - 10 = -2*h. Suppose h*y = -2*y + 5. Is (-1)/(-2*y/14) composite?
False
Suppose 24 = 4*q + y - 0*y, -5*y + 35 = 3*q. Let h(v) = 8*v**2 + 4*v + 3. Is h(q) prime?
True
Let c = -9 + 5. Let w = 6 + c. Suppose -w*d = 48 - 126. Is d a composite number?
True
Suppose w - 1118 = -2*x + 5*w, 5*x - 2816 = 3*w. Is x a prime number?
False
Suppose -2*z = -g + 2 - 6, -2*z - 2*g + 4 = 0. Suppose -4*n = -z - 6. Suppose 206 = n*l + 4*t, -3*l - 2*t - 575 = -8*l. Is l a composite number?
False
Suppose 5*t + 27 - 7 = 0. Let p be t - -4 - 79*1. Let x = 258 + p. Is x a composite number?
False
Let d(b) be the first derivative of 29*b**4/4 + 2*b**3 - 5*b**2/2 - b - 42. Is d(3) a composite number?
False
Let z = -435 - -826. Is z composite?
True
Let v(y) = 8*y - 19. Let s be v(3). Suppose -2096 + 111 = -s*c. Is c prime?
True
Let f = -37209 + 89862. Is f a composite number?
True
L